8365217 and 213.
71
Calculate the greatest common divisor of 666888 and 132927.
2253
Calculate the highest common factor of 9109491 and 6.
3
Calculate the highest common factor of 324 and 6282603.
81
What is the greatest common divisor of 208 and 46712978?
26
What is the greatest common divisor of 9660 and 67950372?
1932
Calculate the greatest common divisor of 38475 and 161880.
285
Calculate the greatest common divisor of 15300 and 669545.
85
What is the highest common divisor of 60724 and 1156340?
1292
What is the highest common divisor of 8711352 and 1968?
984
What is the highest common divisor of 3649663 and 161?
23
Calculate the greatest common divisor of 28 and 527712248.
28
What is the greatest common divisor of 164084 and 1836?
68
Calculate the highest common divisor of 4354 and 121534.
14
Calculate the greatest common factor of 48637 and 6613.
17
Calculate the highest common divisor of 935 and 10374335.
85
What is the greatest common factor of 419426 and 434?
14
What is the highest common divisor of 10865898 and 56196?
4014
What is the greatest common divisor of 132022107 and 1081?
47
Calculate the greatest common divisor of 4400516 and 6768.
188
What is the greatest common divisor of 1115093 and 58653?
343
Calculate the highest common divisor of 118098 and 4728618.
162
Calculate the highest common divisor of 1458 and 5882922.
54
What is the highest common divisor of 59648 and 21664?
32
Calculate the highest common divisor of 77160 and 1736880.
120
Calculate the highest common divisor of 260 and 31491785.
65
What is the highest common divisor of 29 and 59857798?
29
Calculate the highest common divisor of 41899835 and 2260.
565
Calculate the greatest common divisor of 100 and 658220.
20
Calculate the greatest common factor of 2027542 and 946.
22
What is the highest common divisor of 3154 and 330130757?
1577
What is the greatest common divisor of 15787113 and 27?
3
Calculate the greatest common factor of 5813197 and 26.
13
Calculate the greatest common factor of 4754466 and 42.
6
What is the greatest common factor of 143670460 and 84200?
8420
Calculate the highest common factor of 77700 and 187425.
525
Calculate the greatest common factor of 206810658 and 2610.
522
Calculate the highest common divisor of 117986 and 641762.
682
Calculate the highest common factor of 23 and 71159999.
23
Calculate the greatest common divisor of 492 and 222734550.
246
What is the greatest common divisor of 276991944 and 552?
552
What is the highest common factor of 81918 and 1525140?
666
Calculate the highest common factor of 23848 and 2552.
88
Calculate the greatest common divisor of 41288 and 1730920.
3176
Calculate the highest common factor of 471 and 35747644.
157
Calculate the greatest common factor of 2019241 and 52577.
1421
What is the greatest common factor of 11602480 and 220?
20
What is the greatest common factor of 333759475 and 410?
205
Calculate the greatest common divisor of 3777 and 87457694.
1259
Calculate the highest common divisor of 774718 and 14.
14
Calculate the highest common factor of 68819472 and 252.
36
Calculate the highest common divisor of 1177721888 and 1106.
1106
What is the highest common factor of 2503378 and 6683?
41
What is the greatest common divisor of 1133958 and 35960?
58
Calculate the highest common divisor of 6454563 and 48.
3
Calculate the highest common divisor of 115522000 and 4130.
590
What is the greatest common divisor of 36750139 and 296?
37
What is the greatest common divisor of 887508 and 2707380?
3204
What is the greatest common factor of 939214 and 38?
2
What is the greatest common factor of 867 and 31412583?
51
Calculate the greatest common divisor of 45 and 37978035.
15
Calculate the greatest common divisor of 112242 and 166608.
78
Calculate the highest common factor of 304772 and 2574.
26
What is the greatest common factor of 514789494 and 36?
6
Calculate the greatest common factor of 21655072 and 16.
16
Calculate the highest common divisor of 1521949 and 135343.
377
What is the highest common divisor of 27418959 and 90?
9
What is the greatest common divisor of 24836983 and 1581?
527
What is the highest common factor of 4751619 and 1479?
51
What is the highest common factor of 3596 and 2605054?
62
What is the greatest common factor of 1034178 and 1479?
51
What is the greatest common factor of 118569312 and 1665?
333
Calculate the highest common divisor of 348152 and 11816.
56
Calculate the highest common divisor of 31160166 and 18.
6
Calculate the highest common factor of 2584 and 81513096.
136
Calculate the highest common factor of 210 and 4381120.
10
Calculate the highest common factor of 147 and 4099137.
21
Calculate the highest common factor of 7254 and 2847234.
78
Calculate the highest common divisor of 2057713 and 77.
7
What is the highest common divisor of 309345 and 930?
15
Calculate the highest common factor of 11671 and 28191831.
1061
What is the highest common factor of 250 and 146954?
2
What is the highest common divisor of 282045 and 450?
15
Calculate the greatest common factor of 1750 and 6555850.
350
Calculate the highest common factor of 17140 and 1100.
20
What is the highest common divisor of 463959807 and 71673?
10239
What is the greatest common factor of 1692117744 and 436?
436
Calculate the highest common factor of 119879 and 11268.
313
What is the greatest common factor of 2100 and 4794699?
21
What is the highest common factor of 2815802 and 286?
22
What is the greatest common factor of 29249922 and 221?
13
Calculate the greatest common divisor of 665 and 1106315.
35
What is the greatest common factor of 34 and 54572057?
17
What is the highest common divisor of 7560 and 405220536?
1512
What is the highest common divisor of 588630 and 5530?
70
Calculate the greatest common divisor of 19458 and 2669976.
846
Calculate the greatest common divisor of 4611 and 432303.
87
Calculate the greatest common divisor of 1605754189 and 2951.
2951
What is the greatest common factor of 68 and 4714933?
17
What is the greatest common factor of 2376 and 24123?
33
What is the highest common divisor of 65379 and 88195?
31
Calculate the greatest common factor of 139776064 and 448.
64
Calculate the greatest common factor of 96988544 and 23680.
4736
What is the highest common divisor of 7457951 and 22864?
1429
What is the highest common divisor of 15 and 688702170?
15
Calculate the highest common divisor of 523950 and 554400.
1050
What is the greatest common divisor of 174060684 and 252?
252
Calculate the highest common factor of 48678 and 46044264.
2562
Calculate the greatest common factor of 26585 and 752429938.
5317
Calculate the greatest common factor of 2374460 and 2398.
22
What is the greatest common factor of 9396 and 17126037?
261
Calculate the greatest common divisor of 7306112 and 83072.
1408
What is the greatest common factor of 2712228 and 15879?
237
Calculate the greatest common divisor of 203 and 5665226.
7
What is the greatest common divisor of 4555494 and 215266?
5818
Calculate the highest common factor of 348 and 106488116.
116
What is the highest common factor of 30 and 4906995?
15
What is the highest common divisor of 23705760 and 640?
160
What is the greatest common factor of 26487843 and 57?
57
What is the greatest common factor of 15405660 and 73602?
2538
What is the highest common divisor of 13835628 and 5751?
639
Calculate the greatest common factor of 413 and 7965867.
7
What is the highest common divisor of 576384 and 75050?
3002
Calculate the greatest common divisor of 83465160 and 2300.
460
What is the highest common divisor of 5299139 and 6514?
3257
What is the highest common divisor of 309033980 and 18520?
9260
Calculate the greatest common divisor of 1424 and 30274952.
712
Calculate the highest common factor of 4203414 and 113553.
279
Calculate the greatest common factor of 64455 and 563985.
15
What is the highest common divisor of 14934 and 192546?
114
Calculate the highest common divisor of 10142 and 1576.
2
What is the highest common divisor of 3301815 and 90?
15
Calculate the highest common divisor of 1368 and 6533112.
456
Calculate the highest common divisor of 12894 and 92881008.
1842
Calculate the greatest common divisor of 375562 and 638.
22
Calculate the highest com